t s be f(-1). Is c(s) composite?
False
Let d(l) = 4*l - 3. Let a be d(2). Suppose 0 = g - m - 2, g = a*g + m - 18. Suppose 3*n + 4*f = 4*n - 50, -3*f = -g*n + 148. Is n prime?
False
Suppose -11*x + 42350 = 7557. Is x composite?
False
Let s = 1827 - -6674. Is s a composite number?
False
Let q(i) = -22*i**3 + 2*i**2 + 3*i - 8. Is q(-5) a prime number?
True
Suppose -3*g = o - 66, g + o - 11 = -3*o. Is g a composite number?
False
Suppose -3*n - 936 = -7935. Is n a prime number?
True
Suppose 0 = 7*x - 2*x + 5. Let d = -5 - x. Let n(k) = -2*k**3 - 5*k**2 + k + 3. Is n(d) a composite number?
False
Suppose 5*j - 925 = -0*j. Is j composite?
True
Is (43/(-2))/((-17)/68) composite?
True
Suppose 7*f - 2*f = 545. Is f a composite number?
False
Suppose 4*g + 3 = 11. Let h be -27*((-7)/3 + g). Is (-475)/(-9) - (-2)/h a prime number?
True
Suppose -4*z = 7 + 9. Let b(a) be the third derivative of -a**4/4 - a**3/2 + 2*a**2. Is b(z) composite?
True
Let s(x) = x + 18. Let n be s(-14). Suppose -82 = -g - 5*w, -n*g + 4*w + 262 = 2*w. Is g composite?
False
Let b(x) = x**3 - 11*x**2 - 7*x - 9. Let r be b(10). Let s = r - -256. Is s composite?
True
Let q = 95 + -12. Is q prime?
True
Suppose 4*f + 25 = -f, y - 4*f = 24. Suppose -5*g = 25, -5*w = y*g - 288 + 63. Is w composite?
True
Suppose 0 = -3*s - 5*z - 46, 3*z + 0*z + 66 = -5*s. Let l = 30 + s. Let q = l - 8. Is q prime?
False
Suppose -y - 3*d = -0*y - 6, -2*y + d = 16. Let j = 29 + y. Is j composite?
False
Suppose -3*y - 6 - 24 = 0. Let m(u) = 2*u**2 + 10*u - 9. Let o(g) = g**2 - g. Let w(l) = -m(l) + o(l). Is w(y) a composite number?
False
Let y = -17 + 30. Is y + 2 + -1 + -1 a composite number?
False
Let x(v) = -5*v + 4. Let l(q) = -6*q + 5. Let j(g) = 3*l(g) - 2*x(g). Is j(-6) composite?
True
Is (0 - -1)/((-1458)/1461 + 1) a composite number?
False
Is (6/(-18))/(1/(-609)) prime?
False
Let x(u) = u - 2. Let j(m) = -m - 1. Let s(z) = -4*j(z) - x(z). Is s(3) composite?
True
Let f be -17*((-408)/3)/(-4). Let l = f + 915. Is l composite?
False
Suppose -2*a + 586 + 1300 = 0. Is a prime?
False
Let g be ((-1)/2 - -1)*46. Suppose -3*p - 3 = -27. Let n = p + g. Is n composite?
False
Let v(z) = -2 + 2*z - 2*z + 8*z**2 + 3 - 2*z. Is v(-2) composite?
False
Suppose -5*y - 3 = 2. Let v(r) = -53*r**3 - r**2 - 2*r - 1. Is v(y) a composite number?
False
Let v(p) = 45*p**3 - p**2 - 7. Is v(3) a prime number?
False
Let x(w) = -w**2 - 5*w - 1. Let i be x(-2). Suppose 5*r + 36 + 36 = m, -119 = -2*m + i*r. Is m prime?
True
Let s(l) = -5*l**2 - 8*l - 2. Let w(a) = -4*a**2 - 7*a - 1. Let m(g) = -5*s(g) + 6*w(g). Suppose 4*c - 2*c - 10 = 0. Is m(c) composite?
False
Suppose m + 0 = -3*j - 3, 3*j = -3*m - 3. Suppose m = 3*z - 385 + 100. Is z a composite number?
True
Let i be 7/3 + (-2)/(-3). Is (-95)/(-3) + (-2)/i prime?
True
Let z(c) = -3*c**3 - 4*c**2 - c + 1. Suppose 4*m + 3*n - 6 = 0, 0 = 2*m - n + 4 - 12. Suppose w + m = -0. Is z(w) prime?
False
Let d = -236 + 651. Is d composite?
True
Suppose 0 = 2*b - 598 - 820. Is b prime?
True
Let a = 1 + 1. Suppose -j + 63 = a*j. Is j composite?
True
Let o = -5 - -36. Is o a prime number?
True
Let u be 4/8 + (-26)/(-4). Let p(s) = -s**3 + 9 + 3*s**2 + s + 3*s + 4*s**2. Is p(u) a prime number?
True
Let c = 6 - 6. Suppose c = -m + 5*j + 218 - 27, -4*j + 16 = 0. Is m a composite number?
False
Let d = 1 - -1. Suppose -18 = -d*g + 4*g. Let m = g - -40. Is m composite?
False
Let q = -3455 - -7656. Is q composite?
False
Suppose 0 = -2*v - 2*v + 52. Is v prime?
True
Let d be (-1 + -5)/3*-4. Let o(w) = 3*w + 3. Let n be o(d). Let v = n - 13. Is v a composite number?
True
Let o be (0 - -5)*1/5. Suppose 0 = -5*j - o + 41. Suppose -y - j = -3*i + 153, 2*y = 2*i - 102. Is i a composite number?
True
Suppose 0 = -2*s - 0 + 134. Is s a composite number?
False
Is 2052 - -1 - 0*(-5)/(-20) prime?
True
Let h(x) be the second derivative of x**8/1344 + x**7/840 - x**6/360 - x**5/60 - x**4/12 + x. Let t(i) be the third derivative of h(i). Is t(2) composite?
True
Let t = 222 + -101. Let y = 186 - t. Is y prime?
False
Let r = 2090 + -1337. Is r composite?
True
Let w = -212 - -361. Let n = w + -90. Is n a composite number?
False
Let o be (-3 - -3)/(1*-2). Suppose 5*w = -o*w + 30. Suppose 3*m - w*i + 3*i = 48, 0 = 5*m + 3*i - 72. Is m prime?
False
Let z be (-2)/(-6) + (-1198)/(-6). Let a be ((-17)/(-34))/((-586)/(-292) - 2). Let o = z - a. Is o a prime number?
True
Let c(z) = 15*z**2 + 16*z**2 - 2 + 2*z + 2*z**2. Let h be c(2). Suppose -5*f = -3*v - 53, 4*v + 53 = -5*f + h. Is f prime?
True
Suppose -2*r = -0*r + 38. Suppose 4*f + 3*p = f + 348, f - 110 = 2*p. Let v = r + f. Is v a prime number?
False
Suppose 5*t + 2 = -k, t - 3*k + 6*k + 6 = 0. Suppose 5*u - u - 1276 = t. Is u a composite number?
True
Suppose 336 = 5*i - 3*i. Suppose -4*w = 4*s - i, -5*w - 77 = -2*s - 28. Is s prime?
True
Let r(f) = -f**3 + 10*f**2 + 2*f + 8. Let k be r(7). Let y = k + -20. Is y composite?
False
Suppose 5*z = 4*n - 893, -5*n + z = -4*n - 222. Is n composite?
True
Let s be (-21)/(-6)*(-1 + -1). Let u(c) be the second derivative of -c**3/2 - c**2 - c. Is u(s) a composite number?
False
Let o = 39 + 50. Is o prime?
True
Let l(x) be the third derivative of 1/120*x**6 + 7/6*x**3 + 1/12*x**4 - 1/10*x**5 + 3*x**2 + 0 + 0*x. Is l(6) composite?
False
Let o = -977 + 1657. Suppose 0 = -2*z - 10, -2*z = -5*d + z + o. Is d prime?
False
Suppose p + 12 = 5*i - 24, -2*p - 37 = -5*i. Is i prime?
True
Suppose -4*d + 918 = d - y, 188 = d + 2*y. Suppose -m + 5*m = d. Is m a prime number?
False
Let h(y) be the third derivative of y**9/60480 - y**8/3360 - y**7/1680 - 7*y**6/720 - y**5/60 + y**2. Let r(b) be the third derivative of h(b). Is r(7) prime?
False
Let n = -2096 + 3577. Is n prime?
True
Let l be 12 - 15 - (-34 - -1). Let q = l - 15. Is q a prime number?
False
Suppose -4*x = 3*n - 2*n - 21, -5*x - 29 = -3*n. Suppose -18*m + 175 = -n*m. Is m prime?
False
Suppose 4*a - 6 = 6. Suppose a*t + 12 = 6*t. Suppose -3*w + t*n + 193 = 0, 2*n + 2 = -6. Is w a composite number?
False
Let b = 2 - 0. Suppose 273 = b*y + y. Is y prime?
False
Let v = -10 + 89. Is v prime?
True
Let y(u) = 67*u**2 + 3*u + 3. Is y(4) a prime number?
True
Suppose -3*r - 14371 = -2*v, 2*v - 6*r = -r + 14369. Is v composite?
False
Suppose 13880 = -0*g + 8*g. Is g composite?
True
Let b = -10 - -14. Let w be 0/2 - (-38 - 1). Suppose 5*i + b*o = 87, -2*o - o + w = 2*i. Is i composite?
True
Let g = 6 - 3. Suppose 632 = 7*o - g*o. Is o prime?
False
Suppose -6*k + 2*k + 24 = 0. Let t(v) = -v**3 + 6*v**2 + 3*v - 7. Is t(k) composite?
False
Suppose -9*k = -5*k - 932. Is k a composite number?
False
Suppose w + 580 = 6*w. Suppose 0 = -b + w - 37. Is b a composite number?
False
Is (-2)/9 + (-1)/9*-875 prime?
True
Suppose -3*c - 6 = -5*c. Suppose -4*r - 4*b + 1648 = 0, -2*b = -4*r - c*b + 1639. Is r a prime number?
True
Let a(o) = -2*o - 10. Is a(-6) a prime number?
True
Let c(u) = -u**3 + 7*u**2 + 1. Let w be c(7). Is ((-35)/(-20))/(w/164) prime?
False
Is (-1)/2 + 7800/16 a composite number?
False
Let r(w) = -5*w + 3. Let q be r(-3). Let p be (-5 - -7)/(4/q). Let v = 32 - p. Is v a composite number?
False
Suppose -6 = -3*n - 4*i - 1, -i = n - 2. Suppose 0*z - n*z = -15. Is z*(0 + 1 + 4) a prime number?
False
Let m = -91 - -350. Is m a prime number?
False
Let y be 3 + -1 + -1 + 2. Suppose 3*m - 6 = 0, -4*m + y*m = t - 5. Is t prime?
True
Let r be 284*(-3)/(-3) - 3. Let l = 576 - r. Is l a composite number?
True
Suppose -5*j = -j. Suppose j*d - 5 = -5*d, -5*n - 2*d + 327 = 0. Is n a prime number?
False
Let t(h) be the second derivative of -h**5/20 + h**3/6 + 19*h**2/2 + h. Is t(0) prime?
True
Let y be (1 - 0)/(4/8). Suppose 404 - 122 = 4*c - 3*l, -y*c + 5*l + 148 = 0. Is c composite?
True
Suppose -8*x + 6*x = -1002. Is x a composite number?
True
Suppose d = -2*d - 24. Let c = 31 + d. Is c a composite number?
False
Let s be (-1258 + -2)/(-3) - -2. Suppose 3*w = w + s. Is w a prime number?
True
Let m(y) = 38*y + 6. Let t be m(5). Suppose -t = -6*a + 2*a. Is a prime?
False
Suppose 0 = 5*x - 99 - 51. Let z = -17 - -21. Suppose z*v - x = 46. Is v a prime number?
True
Let y = 157 - 27. Let j = y - -73. Is j a prime number?
False
Let b = 3 - 3. Suppose 0*y + y - 247 = b. Is y a prime number?
False
Suppose 2